{"id":63,"date":"2023-10-28T00:29:06","date_gmt":"2023-10-27T22:29:06","guid":{"rendered":"http:\/\/spitex-pflegeprozess.ch\/?page_id=63"},"modified":"2025-12-19T21:16:40","modified_gmt":"2025-12-19T20:16:40","slug":"wetiere-informationen-und-anmeldung","status":"publish","type":"page","link":"http:\/\/spitex-pflegeprozess.ch\/?page_id=63","title":{"rendered":"weitere Informationen und Anmeldung"},"content":{"rendered":"<nav class=\"is-responsive wp-block-navigation is-layout-flex wp-block-navigation-is-layout-flex\" aria-label=\"Navigation 2\" \n\t\t data-wp-interactive=\"core\/navigation\" data-wp-context='{\"overlayOpenedBy\":{\"click\":false,\"hover\":false,\"focus\":false},\"type\":\"overlay\",\"roleAttribute\":\"\",\"ariaLabel\":\"Men\\u00fc\"}'><button aria-haspopup=\"dialog\" aria-label=\"Men\u00fc \u00f6ffnen\" class=\"wp-block-navigation__responsive-container-open\" \n\t\t\t\tdata-wp-on--click=\"actions.openMenuOnClick\"\n\t\t\t\tdata-wp-on--keydown=\"actions.handleMenuKeydown\"\n\t\t\t><svg width=\"24\" height=\"24\" xmlns=\"http:\/\/www.w3.org\/2000\/svg\" viewBox=\"0 0 24 24\" aria-hidden=\"true\" focusable=\"false\"><path d=\"M4 7.5h16v1.5H4z\"><\/path><path d=\"M4 15h16v1.5H4z\"><\/path><\/svg><\/button>\n\t\t\t\t<div class=\"wp-block-navigation__responsive-container\"  id=\"modal-1\" \n\t\t\t\tdata-wp-class--has-modal-open=\"state.isMenuOpen\"\n\t\t\t\tdata-wp-class--is-menu-open=\"state.isMenuOpen\"\n\t\t\t\tdata-wp-watch=\"callbacks.initMenu\"\n\t\t\t\tdata-wp-on--keydown=\"actions.handleMenuKeydown\"\n\t\t\t\tdata-wp-on--focusout=\"actions.handleMenuFocusout\"\n\t\t\t\ttabindex=\"-1\"\n\t\t\t>\n\t\t\t\t\t<div class=\"wp-block-navigation__responsive-close\" tabindex=\"-1\">\n\t\t\t\t\t\t<div class=\"wp-block-navigation__responsive-dialog\" \n\t\t\t\tdata-wp-bind--aria-modal=\"state.ariaModal\"\n\t\t\t\tdata-wp-bind--aria-label=\"state.ariaLabel\"\n\t\t\t\tdata-wp-bind--role=\"state.roleAttribute\"\n\t\t\t>\n\t\t\t\t\t\t\t<button aria-label=\"Men\u00fc schlie\u00dfen\" class=\"wp-block-navigation__responsive-container-close\" \n\t\t\t\tdata-wp-on--click=\"actions.closeMenuOnClick\"\n\t\t\t><svg xmlns=\"http:\/\/www.w3.org\/2000\/svg\" viewBox=\"0 0 24 24\" width=\"24\" height=\"24\" aria-hidden=\"true\" focusable=\"false\"><path d=\"m13.06 12 6.47-6.47-1.06-1.06L12 10.94 5.53 4.47 4.47 5.53 10.94 12l-6.47 6.47 1.06 1.06L12 13.06l6.47 6.47 1.06-1.06L13.06 12Z\"><\/path><\/svg><\/button>\n\t\t\t\t\t\t\t<div class=\"wp-block-navigation__responsive-container-content\" \n\t\t\t\tdata-wp-watch=\"callbacks.focusFirstElement\"\n\t\t\t id=\"modal-1-content\">\n\t\t\t\t\t\t\t\t<ul class=\"wp-block-navigation__container is-responsive wp-block-navigation\"><li class=\" wp-block-navigation-item wp-block-navigation-link\"><a class=\"wp-block-navigation-item__content\"  href=\"http:\/\/www.spitex-pflegeprozess.ch\"><span class=\"wp-block-navigation-item__label\">Home<\/span><\/a><\/li><li class=\" wp-block-navigation-item wp-block-navigation-link\"><a class=\"wp-block-navigation-item__content\"  href=\"#Anmeldung\"><span class=\"wp-block-navigation-item__label\">Anmeldung zur Schulung<\/span><\/a><\/li><\/ul>\n\t\t\t\t\t\t\t<\/div>\n\t\t\t\t\t\t<\/div>\n\t\t\t\t\t<\/div>\n\t\t\t\t<\/div><\/nav>\n\n\n<div class=\"wp-block-group has-global-padding is-layout-constrained wp-block-group-is-layout-constrained\">\n<h2 class=\"wp-block-heading\">Inhalt und Ziele<\/h2>\n\n\n\n<figure class=\"wp-block-image size-large\"><img loading=\"lazy\" decoding=\"async\" width=\"1024\" height=\"570\" src=\"http:\/\/spitex-pflegeprozess.ch\/wp-content\/uploads\/2023\/10\/Ablauf-2-1024x570.png\" alt=\"\" class=\"wp-image-116\" srcset=\"http:\/\/spitex-pflegeprozess.ch\/wp-content\/uploads\/2023\/10\/Ablauf-2-1024x570.png 1024w, http:\/\/spitex-pflegeprozess.ch\/wp-content\/uploads\/2023\/10\/Ablauf-2-300x167.png 300w, http:\/\/spitex-pflegeprozess.ch\/wp-content\/uploads\/2023\/10\/Ablauf-2-768x428.png 768w, http:\/\/spitex-pflegeprozess.ch\/wp-content\/uploads\/2023\/10\/Ablauf-2.png 1304w\" sizes=\"auto, (max-width: 1024px) 100vw, 1024px\" \/><\/figure>\n\n\n\n<p>Die Teilnehmenden lernen den Pflegeprozess und den Advanced Nursing Process in der Spitex kennen und anwenden. Sie vertiefen ihr Wissen beim Assessmentinstrument interRAI HC\/CMH sowie deren Hilfsmittel den Skalen und CAPs. Sie lernen daraus Schwerpunkte zu identifizieren und die richtigen Pflegediagnosen abzuleiten. Dabei reflektieren sie ihr bisheriges Vorgehen bei der Pflegediagnosenstellung und passen dies ggf. an. Sie wissen wie eine NANDA-I Pflegediagnose formuliert wird, daraus ein Ziel nach SMART formuliert und passende Interventionen beschrieben werden. Sie lernen die Pflegeplanung zu evaluieren und worauf sie bei der Pflegedokumentation und der Quantifizierung der pflegerischen Leistungen achten m\u00fcssen. Weiter werden die Auswirkungen der gesetzlichen und vertraglichen Vorgaben (KLV und Administrativvertr\u00e4ge) diskutiert. Das vermittelte Wissen wird mit Fallbesprechungen, praxisnahen \u00dcbungen und Transferauftr\u00e4gen ge\u00fcbt.<\/p>\n\n\n\n<h2 class=\"wp-block-heading\">Der Benefit der Teilnehmenden<\/h2>\n\n\n\n<p>Nach der Schulung sind die Teilnehmenden im ganzen pflegediagnostischen Prozess in der Spitex up to date und k\u00f6nnen ihr Fachwissen in die Praxis miteinfliessen lassen. W\u00e4hrend der Schulung k\u00f6nnen sie in Ruhe und in einem gesch\u00fctzten Rahmen jeden Schritt des pflegediagnostischen Prozesses \u00fcben und Sicherheit gewinnen.<\/p>\n\n\n\n<h2 class=\"wp-block-heading\">Zielgruppe<\/h2>\n\n\n\n<p>Dipl. Pflegefachpersonen, welche f\u00fcr den Pflegeprozess in ihrer Spitex-Organisation verantwortlich sind und den interRAI HC\/CMH Grundkurs besucht haben.<\/p>\n\n\n\n<p>Am Schluss des Kurses erhalten die Teilnehmenden eine Teilnahmebest\u00e4tigung.<\/p>\n<\/div>\n\n\n\n<div class=\"wp-block-group has-global-padding is-layout-constrained wp-block-group-is-layout-constrained\">\n<h2 class=\"wp-block-heading\">Ort<\/h2>\n\n\n\n<p>Olten, Paul &amp; Peter&#8217;s, Tannenwaldstrasse 62, 4600 Olten<\/p>\n\n\n\n<p>Die Schulung findet unmittelbar neben dem Bahnhof Olten statt.<\/p>\n\n\n\n<p>Es befinden sich Verpflegungsm\u00f6glichkeiten im Paul &amp; Peter&#8217;s selbst oder in unmittelbarer Umgebung.<\/p>\n\n\n\n<h2 class=\"wp-block-heading\">Kursdaten<\/h2>\n\n\n\n<p>Donnerstag, 28. Augst 2026<br>Donnerstag, 18. September 2026<br>Donnerstag, 30. Oktober 2026<br>Donnerstag, 11. Dezember 2026<\/p>\n\n\n\n<p>Die Schulung findet jeweils von 08:30 bis 16:30 Uhr statt (mit einer Stunde Mittagspause).<\/p>\n\n\n\n<h2 class=\"wp-block-heading\">Kosten<\/h2>\n\n\n\n<p>Der gesamte Kurs kostet 1&#8217;990 CHF pro Person (inkl. Schulungsunterlagen und Pausenverpflegung) und ist innert 30 Tagen nach Rechnungsstellung zu bezahlen. Wir sind nicht Mehrwertsteuerpflichtig. Wenn Sie sich vor April 2026 anmelden, k\u00f6nnen Sie vom Fr\u00fchbucherrabatt profitieren.<\/p>\n\n\n\n<p>Weiter gew\u00e4hren wir ab vier Anmeldungen einer Organisation einen Rabatt.<\/p>\n\n\n\n<h2 class=\"wp-block-heading\">AGB<\/h2>\n\n\n\n<p>Nach der Best\u00e4tigung der Teilnahme durch Better Nursing GmbH resp. Pflegeschulung Oberh\u00e4nsli und nach Eingang der Zahlung gilt die Teilnahme als verbindlich. Dabei ist eine R\u00fcckerstattung nicht mehr m\u00f6glich, die Anmeldung kann jedoch auf jemand anderen \u00fcbertragen werden.<\/p>\n\n\n\n<p>Jede\/r Teilnehmer:in muss folgende B\u00fccher und Instrumente physisch oder digital an die Schulung mitbringen:<\/p>\n\n\n\n<ul class=\"wp-block-list\">\n<li>Doenges, E.M., Moorhouse, M.F. &amp; Geissler-Murr, A.C. (2024). Pflegediagnosen und Pflegemassnahmen. Deutschsprachige Ausgabe herausgegeben von Georg, J., Leonie-Scheiber, C. &amp; M\u00fcller Staub, M. Hogrefe AG.<\/li>\n\n\n\n<li>interRAI Home Care Schweiz (interRAI HC<sub>Schweiz<\/sub>) Bedarfsabkl\u00e4rungsinstrument und Handbuch bzw. interRAI Community Mental Health Schweiz (interRAI CMH<sub>Schweiz<\/sub>) Bedarfsabkl\u00e4rungsinstrument und Handbuch bzw. <\/li>\n\n\n\n<li>interRAI Clinical Assessment Protocols (CAPs) HC LTCF CHA AL; zur Verwendung mit den Assessment-Instrumenten f\u00fcr die Langzeitpflege bzw. interRAI Clinical Assessment Protocols (CAPs); zur Verwendung mit Mental Health Assessment-Instrumenten im ambulanten und station\u00e4ren Bereich<\/li>\n\n\n\n<li>Handbuch f\u00fcr das SDA, Entlassung und Spitex-Leistungskatalog (<a href=\"https:\/\/www.spitex-instrumente.ch\/fileadmin\/user_upload\/Dateien\/Zusatzinstrumente\/Handbuch_SDA_Entlassung_Leistungskatalog_dt_V1.3.pdf\">herunterladen<\/a>)<\/li>\n<\/ul>\n<\/div>\n\n\n\n<div class=\"wp-block-group has-global-padding is-layout-constrained wp-block-group-is-layout-constrained\">\n<div class=\"wp-block-group has-global-padding is-layout-constrained wp-block-group-is-layout-constrained\">\n<h2 class=\"wp-block-heading\" id=\"Anmeldung\">Anmeldung<\/h2>\n<\/div>\n\n\n\n<p>Die Schulung wird ab 9 Personen durchgef\u00fchrt und ist mit der maximalen Anzahl von 24 Personen limitert. Die Reihenfolge der Anmeldung wird ber\u00fccksichtigt.<\/p>\n\n\n<div class=\"frm_forms  with_frm_style frm_style_formidable-style\" id=\"frm_form_2_container\" data-token=\"c99f1931afc3c71e3a84093df084a9b9\">\n<form enctype=\"multipart\/form-data\" method=\"post\" class=\"frm-show-form \" id=\"form_anmeldung\" data-token=\"c99f1931afc3c71e3a84093df084a9b9\">\n<div class=\"frm_form_fields \">\n<fieldset>\n<legend class=\"frm_screen_reader\">Anmeldung<\/legend>\n\n<div class=\"frm_fields_container\">\n<input type=\"hidden\" name=\"frm_action\" value=\"create\" \/>\n<input type=\"hidden\" name=\"form_id\" value=\"2\" \/>\n<input type=\"hidden\" name=\"frm_hide_fields_2\" id=\"frm_hide_fields_2\" value=\"\" \/>\n<input type=\"hidden\" name=\"form_key\" value=\"anmeldung\" \/>\n<input type=\"hidden\" name=\"item_meta[0]\" value=\"\" \/>\n<input type=\"hidden\" id=\"frm_submit_entry_2\" name=\"frm_submit_entry_2\" value=\"798cbd0e2e\" \/><input type=\"hidden\" name=\"_wp_http_referer\" value=\"\/index.php?rest_route=%2Fwp%2Fv2%2Fpages%2F63\" \/><div id=\"frm_field_7_container\" class=\"frm_form_field form-field  frm_required_field frm_top_container\">\n    <div  id=\"field_15vns_label\" class=\"frm_primary_label\">Vorname und Name\n        <span class=\"frm_required\" aria-hidden=\"true\">*<\/span>\n    <\/div>\n    <fieldset aria-labelledby=\"field_15vns_label\">\n\t<legend class=\"frm_screen_reader frm_hidden\">\n\t\tVorname und Name\t<\/legend>\n\n\t<div  class=\"frm_combo_inputs_container\" id=\"frm_combo_inputs_container_7\" data-name-layout=\"first_last\">\n\t\t\t\t\t<div\n\t\t\t\tid=\"frm_field_7-first_container\"\n\t\t\t\tclass=\"frm_form_field form-field frm_form_subfield-first  frm6\"\n\t\t\t\tdata-sub-field-name=\"first\"\n\t\t\t>\n\t\t\t\t<label for=\"field_15vns_first\" class=\"frm_screen_reader frm_hidden\">\n\t\t\t\t\tVorname und Name\t\t\t\t<\/label>\n\n\t\t\t\t<input  type=\"text\" id=\"field_15vns_first\" value=\"\" name=\"item_meta[7][first]\" autocomplete=\"given-name\" placeholder=\"Vorname\" data-reqmsg=\"Dieses Feld darf nicht leer sein.\" aria-required=\"true\" data-invmsg=\"Vorname und Name ist ung\u00fcltig\" aria-invalid=\"false\"  \/>\t\t\t<\/div>\n\t\t\t\t\t\t<div\n\t\t\t\tid=\"frm_field_7-last_container\"\n\t\t\t\tclass=\"frm_form_field form-field frm_form_subfield-last  frm6\"\n\t\t\t\tdata-sub-field-name=\"last\"\n\t\t\t>\n\t\t\t\t<label for=\"field_15vns_last\" class=\"frm_screen_reader frm_hidden\">\n\t\t\t\t\tVorname und Name\t\t\t\t<\/label>\n\n\t\t\t\t<input  type=\"text\" id=\"field_15vns_last\" value=\"\" name=\"item_meta[7][last]\" autocomplete=\"family-name\" placeholder=\"Name\" data-reqmsg=\"Dieses Feld darf nicht leer sein.\" aria-required=\"true\" data-invmsg=\"Vorname und Name ist ung\u00fcltig\" aria-invalid=\"false\"  \/>\t\t\t<\/div>\n\t\t\t\t<\/div>\n<\/fieldset>\n\n    \n    \n<\/div>\n<div id=\"frm_field_11_container\" class=\"frm_form_field form-field  frm_required_field frm_top_container\">\n    <div  id=\"field_7tdxt_label\" class=\"frm_primary_label\">Strasse und Hausnummer\n        <span class=\"frm_required\" aria-hidden=\"true\">*<\/span>\n    <\/div>\n    <fieldset aria-labelledby=\"field_7tdxt_label\">\n\t<legend class=\"frm_screen_reader frm_hidden\">\n\t\tStrasse und Hausnummer\t<\/legend>\n\n\t<div  class=\"frm_combo_inputs_container\" id=\"frm_combo_inputs_container_11\" data-name-layout=\"first_last\">\n\t\t\t\t\t<div\n\t\t\t\tid=\"frm_field_11-first_container\"\n\t\t\t\tclass=\"frm_form_field form-field frm_form_subfield-first  frm6\"\n\t\t\t\tdata-sub-field-name=\"first\"\n\t\t\t>\n\t\t\t\t<label for=\"field_7tdxt_first\" class=\"frm_screen_reader frm_hidden\">\n\t\t\t\t\tStrasse und Hausnummer\t\t\t\t<\/label>\n\n\t\t\t\t<input  type=\"text\" id=\"field_7tdxt_first\" value=\"\" name=\"item_meta[11][first]\" placeholder=\"Strasse\" data-reqmsg=\"Dieses Feld darf nicht leer sein.\" aria-required=\"true\" data-invmsg=\"Strasse und Hausnummer ist ung\u00fcltig\" aria-invalid=\"false\"  \/>\t\t\t<\/div>\n\t\t\t\t\t\t<div\n\t\t\t\tid=\"frm_field_11-last_container\"\n\t\t\t\tclass=\"frm_form_field form-field frm_form_subfield-last  frm6\"\n\t\t\t\tdata-sub-field-name=\"last\"\n\t\t\t>\n\t\t\t\t<label for=\"field_7tdxt_last\" class=\"frm_screen_reader frm_hidden\">\n\t\t\t\t\tStrasse und Hausnummer\t\t\t\t<\/label>\n\n\t\t\t\t<input  type=\"text\" id=\"field_7tdxt_last\" value=\"\" name=\"item_meta[11][last]\" placeholder=\"Hausnummer\" data-reqmsg=\"Dieses Feld darf nicht leer sein.\" aria-required=\"true\" data-invmsg=\"Strasse und Hausnummer ist ung\u00fcltig\" aria-invalid=\"false\"  \/>\t\t\t<\/div>\n\t\t\t\t<\/div>\n<\/fieldset>\n\n    \n    \n<\/div>\n<div id=\"frm_field_12_container\" class=\"frm_form_field form-field  frm_required_field frm_top_container\">\n    <div  id=\"field_pmll2_label\" class=\"frm_primary_label\">PLZ und Ort\n        <span class=\"frm_required\" aria-hidden=\"true\">*<\/span>\n    <\/div>\n    <fieldset aria-labelledby=\"field_pmll2_label\">\n\t<legend class=\"frm_screen_reader frm_hidden\">\n\t\tPLZ und Ort\t<\/legend>\n\n\t<div  class=\"frm_combo_inputs_container\" id=\"frm_combo_inputs_container_12\" data-name-layout=\"first_last\">\n\t\t\t\t\t<div\n\t\t\t\tid=\"frm_field_12-first_container\"\n\t\t\t\tclass=\"frm_form_field form-field frm_form_subfield-first  frm6\"\n\t\t\t\tdata-sub-field-name=\"first\"\n\t\t\t>\n\t\t\t\t<label for=\"field_pmll2_first\" class=\"frm_screen_reader frm_hidden\">\n\t\t\t\t\tPLZ und Ort\t\t\t\t<\/label>\n\n\t\t\t\t<input  type=\"text\" id=\"field_pmll2_first\" value=\"\" name=\"item_meta[12][first]\" placeholder=\"PLZ\" data-reqmsg=\"Dieses Feld darf nicht leer sein.\" aria-required=\"true\" data-invmsg=\"PLZ und Ort ist ung\u00fcltig\" aria-invalid=\"false\"  \/>\t\t\t<\/div>\n\t\t\t\t\t\t<div\n\t\t\t\tid=\"frm_field_12-last_container\"\n\t\t\t\tclass=\"frm_form_field form-field frm_form_subfield-last  frm6\"\n\t\t\t\tdata-sub-field-name=\"last\"\n\t\t\t>\n\t\t\t\t<label for=\"field_pmll2_last\" class=\"frm_screen_reader frm_hidden\">\n\t\t\t\t\tPLZ und Ort\t\t\t\t<\/label>\n\n\t\t\t\t<input  type=\"text\" id=\"field_pmll2_last\" value=\"\" name=\"item_meta[12][last]\" placeholder=\"Ort\" data-reqmsg=\"Dieses Feld darf nicht leer sein.\" aria-required=\"true\" data-invmsg=\"PLZ und Ort ist ung\u00fcltig\" aria-invalid=\"false\"  \/>\t\t\t<\/div>\n\t\t\t\t<\/div>\n<\/fieldset>\n\n    \n    \n<\/div>\n<div id=\"frm_field_10_container\" class=\"frm_form_field form-field  frm_required_field frm_top_container frm6 frm_first\">\n    <label for=\"field_eoxko\" id=\"field_eoxko_label\" class=\"frm_primary_label\">Telefon\n        <span class=\"frm_required\" aria-hidden=\"true\">*<\/span>\n    <\/label>\n    <input type=\"tel\" id=\"field_eoxko\" name=\"item_meta[10]\" value=\"\"  data-reqmsg=\"Dieses Feld darf nicht leer sein.\" aria-required=\"true\" data-invmsg=\"Telefon ist ung\u00fcltig\" aria-invalid=\"false\" pattern=\"((\\+\\d{1,3}(-|.| )?\\(?\\d\\)?(-| |.)?\\d{1,5})|(\\(?\\d{2,6}\\)?))(-|.| )?(\\d{3,4})(-|.| )?(\\d{4})(( x| ext)\\d{1,5}){0,1}$\"  \/>\n    \n    \n<\/div>\n<div id=\"frm_field_9_container\" class=\"frm_form_field form-field  frm_required_field frm_top_container frm6\">\n    <label for=\"field_ljqia\" id=\"field_ljqia_label\" class=\"frm_primary_label\">E-Mail\n        <span class=\"frm_required\" aria-hidden=\"true\">*<\/span>\n    <\/label>\n    <input type=\"email\" id=\"field_ljqia\" name=\"item_meta[9]\" value=\"\"  data-reqmsg=\"Dieses Feld darf nicht leer sein.\" aria-required=\"true\" data-invmsg=\"E-Mail ist ung\u00fcltig\" aria-invalid=\"false\"  \/>\n    \n    \n<\/div>\n<div id=\"frm_field_27_container\" class=\"frm_form_field form-field  frm_required_field frm_top_container\">\n    <label for=\"field_f2b2h\" id=\"field_f2b2h_label\" class=\"frm_primary_label\">Spitexorganisation\n        <span class=\"frm_required\" aria-hidden=\"true\">*<\/span>\n    <\/label>\n    <input type=\"text\" id=\"field_f2b2h\" name=\"item_meta[27]\" value=\"\"  data-reqmsg=\"Dieses Feld darf nicht leer sein.\" aria-required=\"true\" data-invmsg=\"Text ist ung\u00fcltig\" aria-invalid=\"false\"  \/>\n    \n    \n<\/div>\n<div id=\"frm_field_36_container\" class=\"frm_form_field form-field  frm_top_container\">\n    <label for=\"field_znnsu\" id=\"field_znnsu_label\" class=\"frm_primary_label\">Welche Software nutzt ihre Spitexorganisation?\n        <span class=\"frm_required\" aria-hidden=\"true\"><\/span>\n    <\/label>\n    \t\t<select name=\"item_meta[36]\" id=\"field_znnsu\"  data-invmsg=\"Welche Software nutzt ihre Spitexorganisation? ist ung\u00fcltig\" aria-invalid=\"false\"  >\n\t\t<option  value=\"w\u00e4hlen Sie bitte eine Option aus\">w\u00e4hlen Sie bitte eine Option aus<\/option><option  value=\"Perigon von ROOT AG\">Perigon von ROOT AG<\/option><option  value=\"Swing\">Swing<\/option><option  value=\"Nexus\">Nexus<\/option><option  value=\"CareCoach\">CareCoach<\/option><option  value=\"SHC\">SHC<\/option>\t<\/select>\n\t\n    \n    \n<\/div>\n<div id=\"frm_field_38_container\" class=\"frm_form_field form-field  frm_top_container\">\n    <label for=\"field_2wiit\" id=\"field_2wiit_label\" class=\"frm_primary_label\">Welches interRAI wenden Sie im Alltag an?\n        <span class=\"frm_required\" aria-hidden=\"true\"><\/span>\n    <\/label>\n    \t\t<select name=\"item_meta[38]\" id=\"field_2wiit\"  data-invmsg=\"Welches interRAI wenden Sie im Alltag an? ist ung\u00fcltig\" aria-invalid=\"false\"  >\n\t\t<option  value=\"w\u00e4hlen Sie bitte eine Option aus\">w\u00e4hlen Sie bitte eine Option aus<\/option><option  value=\"interRAI HC Schweiz\">interRAI HC Schweiz<\/option><option  value=\"interRAI CMH Schweiz\">interRAI CMH Schweiz<\/option><option  value=\"interRAI HC und CMH Schweiz\">interRAI HC und CMH Schweiz<\/option>\t<\/select>\n\t\n    \n    \n<\/div>\n<div id=\"frm_field_29_container\" class=\"frm_form_field form-field  frm_required_field frm_top_container vertical_radio\">\n    <div  id=\"field_rmwpm_label\" class=\"frm_primary_label\">W\u00e4hlen Sie eine der beiden Optionen.\n        <span class=\"frm_required\" aria-hidden=\"true\">*<\/span>\n    <\/div>\n    <div class=\"frm_opt_container\" aria-labelledby=\"field_rmwpm_label\" role=\"radiogroup\" aria-required=\"true\">\t\t<div class=\"frm_radio\" id=\"frm_radio_29-0\">\t\t\t<label  for=\"field_rmwpm-0\">\n\t\t\t\t\t<input type=\"radio\" name=\"item_meta[29]\" id=\"field_rmwpm-0\" value=\"Rechnungsadresse entspricht der Anmeldeadresse\"\n\t\t   data-reqmsg=\"Dieses Feld darf nicht leer sein.\" data-invmsg=\"W\u00e4hlen Sie eine der beiden Optionen. ist ung\u00fcltig\"  \/> Rechnungsadresse entspricht der Anmeldeadresse<\/label><\/div>\n\t\t<div class=\"frm_radio\" id=\"frm_radio_29-1\">\t\t\t<label  for=\"field_rmwpm-1\">\n\t\t\t\t\t<input type=\"radio\" name=\"item_meta[29]\" id=\"field_rmwpm-1\" value=\"Rechnungsadresse unterscheidet sich von Anmeldeadresse (Adresse unten angeben)\"\n\t\t   data-reqmsg=\"Dieses Feld darf nicht leer sein.\" data-invmsg=\"W\u00e4hlen Sie eine der beiden Optionen. ist ung\u00fcltig\"  \/> Rechnungsadresse unterscheidet sich von Anmeldeadresse (Adresse unten angeben)<\/label><\/div>\n<\/div>\n    \n    \n<\/div>\n<div id=\"frm_field_22_container\" class=\"frm_form_field form-field  frm_top_container frm12\">\n    <label for=\"field_h37r4\" id=\"field_h37r4_label\" class=\"frm_primary_label\">Geben Sie bitte die Rechnungsadresse an, falls sie sich von der oberen Adresse unterscheidet.\n        <span class=\"frm_required\" aria-hidden=\"true\"><\/span>\n    <\/label>\n    <textarea name=\"item_meta[22]\" id=\"field_h37r4\" rows=\"3\"  data-invmsg=\"Geben Sie bitte die Rechnungsadresse an, falls sie sich von der oberen Adresse unterscheidet. ist ung\u00fcltig\" aria-invalid=\"false\"  ><\/textarea>\n    \n    \n<\/div>\n<div id=\"frm_field_35_container\" class=\"frm_form_field form-field  frm_top_container\">\n    <label for=\"field_1j8pj\" id=\"field_1j8pj_label\" class=\"frm_primary_label\">Bemerkungen\n        <span class=\"frm_required\" aria-hidden=\"true\"><\/span>\n    <\/label>\n    <input type=\"text\" id=\"field_1j8pj\" name=\"item_meta[35]\" value=\"\"  data-invmsg=\"Text ist ung\u00fcltig\" aria-invalid=\"false\"  \/>\n    \n    \n<\/div>\n<div id=\"frm_field_13_container\" class=\"frm_form_field form-field  frm_required_field frm_top_container vertical_radio\">\n    <div  id=\"field_l9h09_label\" class=\"frm_primary_label\">AGB\n        <span class=\"frm_required\" aria-hidden=\"true\">*<\/span>\n    <\/div>\n    <div class=\"frm_opt_container\" aria-labelledby=\"field_l9h09_label\" role=\"radiogroup\" aria-required=\"true\">\t\t<div class=\"frm_radio\" id=\"frm_radio_13-0\">\t\t\t<label  for=\"field_l9h09-0\">\n\t\t\t\t\t<input type=\"radio\" name=\"item_meta[13]\" id=\"field_l9h09-0\" value=\"Ich melde mich verbindlich f\u00fcr die vier t\u00e4gige Schulung an und akzeptiere die AGBs.\"\n\t\t   data-reqmsg=\"Dieses Feld darf nicht leer sein.\" data-invmsg=\"AGB ist ung\u00fcltig\"  \/> Ich melde mich verbindlich f\u00fcr die vier t\u00e4gige Schulung an und akzeptiere die AGBs.<\/label><\/div>\n<\/div>\n    \n    \n<\/div>\n<div id=\"frm_field_26_container\" class=\"frm_form_field form-field  frm_none_container\">\n    <label for=\"h-captcha-response\" id=\"field_iayzu_label\" class=\"frm_primary_label\">Captcha\n        <span class=\"frm_required\" aria-hidden=\"true\"><\/span>\n    <\/label>\n    <div  id=\"field_iayzu\" class=\"h-captcha\" data-sitekey=\"c9133533-fafa-41c3-b5ef-8abf9444345c\" data-size=\"normal\" data-theme=\"light\"><\/div>\n    \n    \n<\/div>\n\t<input type=\"hidden\" name=\"item_key\" value=\"\" \/>\n\t\t\t<div id=\"frm_field_40_container\">\n\t\t\t<label for=\"field_te5th\" >\n\t\t\t\tFalls Du menschlich bist, lasse dieses Feld leer.\t\t\t<\/label>\n\t\t\t<input  id=\"field_te5th\" type=\"text\" class=\"frm_form_field form-field frm_verify\" name=\"item_meta[40]\" value=\"\"  \/>\n\t\t<\/div>\n\t\t<input name=\"frm_state\" type=\"hidden\" value=\"yRf1FDFvWpFnEWC26gAuIsQLiP7xT\/AH+EsH4GQduP0=\" \/><div class=\"frm_submit\">\n\n<button class=\"frm_button_submit\" type=\"submit\"  >Senden<\/button>\n\n\n<\/div><\/div>\n<\/fieldset>\n<\/div>\n\n<\/form>\n<\/div>\n<\/div>\n","protected":false},"excerpt":{"rendered":"<p>Inhalt und Ziele Die Teilnehmenden lernen den Pflegeprozess und den Advanced Nursing Process in der Spitex kennen und anwenden. Sie vertiefen ihr Wissen beim Assessmentinstrument interRAI HC\/CMH sowie deren Hilfsmittel den Skalen und CAPs. Sie lernen daraus Schwerpunkte zu identifizieren und die richtigen Pflegediagnosen abzuleiten. Dabei reflektieren sie ihr bisheriges Vorgehen bei der Pflegediagnosenstellung und [&hellip;]<\/p>\n","protected":false},"author":1,"featured_media":0,"parent":0,"menu_order":0,"comment_status":"closed","ping_status":"closed","template":"","meta":{"footnotes":""},"class_list":["post-63","page","type-page","status-publish","hentry"],"_links":{"self":[{"href":"http:\/\/spitex-pflegeprozess.ch\/index.php?rest_route=\/wp\/v2\/pages\/63","targetHints":{"allow":["GET"]}}],"collection":[{"href":"http:\/\/spitex-pflegeprozess.ch\/index.php?rest_route=\/wp\/v2\/pages"}],"about":[{"href":"http:\/\/spitex-pflegeprozess.ch\/index.php?rest_route=\/wp\/v2\/types\/page"}],"author":[{"embeddable":true,"href":"http:\/\/spitex-pflegeprozess.ch\/index.php?rest_route=\/wp\/v2\/users\/1"}],"replies":[{"embeddable":true,"href":"http:\/\/spitex-pflegeprozess.ch\/index.php?rest_route=%2Fwp%2Fv2%2Fcomments&post=63"}],"version-history":[{"count":30,"href":"http:\/\/spitex-pflegeprozess.ch\/index.php?rest_route=\/wp\/v2\/pages\/63\/revisions"}],"predecessor-version":[{"id":232,"href":"http:\/\/spitex-pflegeprozess.ch\/index.php?rest_route=\/wp\/v2\/pages\/63\/revisions\/232"}],"wp:attachment":[{"href":"http:\/\/spitex-pflegeprozess.ch\/index.php?rest_route=%2Fwp%2Fv2%2Fmedia&parent=63"}],"curies":[{"name":"wp","href":"https:\/\/api.w.org\/{rel}","templated":true}]}}